 Suppose 3*s - 54 = -l*s - 5*i, -2*s - 3*i = -35. What is the remainder when s is divided by 5?
3
Calculate the remainder when 21 is divided by (14 - 11) + (-2 - (-2 - 0)).
0
Suppose 4*d = 103 - 7. What is the remainder when 46 is divided by d?
22
Let i be (-6 - -1)/(2/14). Let f = 11 - i. What is the remainder when f is divided by 12?
10
Suppose 2*q = -0*q - d + 53, q + 2*d - 25 = 0. What is the remainder when q is divided by 14?
13
Suppose 0 = q - 7 + 2, -2*q = -k - 112. Let x = -64 - k. What is the remainder when x is divided by 20?
18
Let m(p) = 0*p + 2 - 6 + 2*p + 1. Calculate the remainder when 82 is divided by m(12).
19
Let k(b) = b - 5. Let o be k(5). Suppose 0 = 5*y + 2*t - o*t - 128, -4*y + 103 = t. What is the remainder when y is divided by 14?
12
Suppose -2*p - b = -37, -4*p + 40 = -3*b - 9. What is the remainder when 58 is divided by p?
10
Let f = 4 + -6. Let g = f + 7. Suppose -5*k = -g*l + 305, -5*l - 6*k = -k - 305. What is the remainder when l is divided by 21?
19
Suppose -3*s + 18 = 5*c - 10, -4*s + 29 = 5*c. Suppose 48 = 3*l - 3*u, -u = l - c*u - 28. Calculate the remainder when ((-5)/15)/((-1)/69) is divided by l.
11
Let i(n) be the first derivative of n**3/3 - 3*n**2 - n + 5. Suppose 1 + 0 = t + 3*b, 3*b + 6 = 0. Calculate the remainder when 15 is divided by i(t).
3
Calculate the remainder when 125 is divided by 8/(((-15)/20)/(-3)).
29
Let d be ((-1)/(-3))/(1/6). Suppose -2*c - 2 = -o, -2*c + 6 = 2*o + d. Suppose h + 7 = o*h. What is the remainder when 20 is divided by h?
6
Suppose -r - 5*u = -0*u - 32, -r + 2 = -u. Calculate the remainder when r is divided by 5.
2
Suppose -5*c = 2*c - 224. What is the remainder when 127 is divided by c?
31
Suppose -4*i - i = 55. Let h = i - -24. What is the remainder when h is divided by 4?
1
Let c be 1/(-4) - 564/(-16). Calculate the remainder when 31 is divided by 15/(-20) - c/(-4).
7
Let q = -12 + 25. Suppose -z - 4*a = -54, 4*z + a - 136 = 5*a. What is the remainder when z is divided by q?
12
Let r = 100 - 13. Calculate the remainder when r is divided by 33.
21
Suppose 2*q = 2 + 2. Let m(l) = -2*l + 0*l**3 + 6*l**3 - 5*l**3. Calculate the remainder when 11 is divided by m(q).
3
Suppose c - 275 = -3*c + t, -5*c - 2*t + 360 = 0. What is the remainder when c is divided by 18?
16
Let l = 25 - 22. Suppose 0 = l*s - s - 38. Calculate the remainder when s is divided by 5.
4
Let z be 0 - 0*4/(-4). What is the remainder when 9 is divided by 9 - z - (-4 - -7)?
3
Suppose -5*y = -5*r - 21 - 19, 4*y - 2*r = 30. What is the remainder when 8 is divided by y?
1
Let z = -1 - -3. Let p be (56/12)/(z/3). Let f = p - 6. What is the remainder when 1 is divided by f?
0
Suppose u - 4 = 1. Suppose -2*w + 8 = -2*l, -2*l - 20 = -u*l - 5*w. Calculate the remainder when 8 + (0 - l) + 0 is divided by 3.
2
Suppose 0*a - 5*a + 40 = 0. Suppose -k + 124 = 3*k. What is the remainder when k is divided by a?
7
What is the remainder when (9 + 1)/((-18)/(-117)) is divided by ((-22)/(-3))/((-2)/(-6))?
21
Calculate the remainder when (1 - -1)/((-2)/(-19)) is divided by 60/9 - (-1)/3.
5
Let o(g) = g**3 + 6*g**2 + 5*g + 2. Let u be o(-5). Suppose -111 = -3*a - 3*p, 2*a - u*p - 37 = a. What is the remainder when a is divided by 13?
11
What is the remainder when 26/(1/((-4)/(-8))) is divided by 4?
1
Suppose 4*k = -2*t + 358, 4*k = -2*t + 4*t - 350. Let g = 317 - t. Suppose -g = -y - 3*y. What is the remainder when y is divided by 18?
17
Let a = -75 + 118. What is the remainder when a is divided by 15?
13
Let q = 8 + -4. Let m = q + -4. Suppose -2*g + 13 = -5*l - m*l, -l - 53 = -4*g. Calculate the remainder when g is divided by 8.
6
Let p be -2 - 4*(2 + -3). Let d = 0 + p. Calculate the remainder when (8 + 3)*1*d is divided by 8.
6
Suppose 0 = 2*h + 5*j - 4 - 89, 0 = 4*h + 2*j - 194. Calculate the remainder when h is divided by 25.
24
Suppose 2*w - 12 = 2*s + 12, 2*s = 4*w - 46. Suppose 2*i = 7*i + 2*o - 148, 0 = -i - 3*o + 27. What is the remainder when i is divided by w?
8
Let f = 31 - 16. Let p = -47 - -90. Calculate the remainder when p is divided by f.
13
Let z(m) = 2*m - 4. Let i be z(7). Suppose i*x = 5*x + 30. Calculate the remainder when 11 is divided by x.
5
Suppose -2*d = -9 - 3. Let q = d - 1. Let z = q + 2. What is the remainder when 19 is divided by z?
5
Suppose -2*s - 24 = -62. Calculate the remainder when 56 is divided by s.
18
Suppose 0 = 7*i - 92 - 153. What is the remainder when i is divided by 12?
11
Suppose -5 = -5*p - 4*j, -5*j + 5 + 20 = 0. Let w = p - -6. Let o = 12 - 4. What is the remainder when o is divided by w?
2
What is the remainder when -1 - 2 - 168/(-3) is divided by 19?
15
Suppose 0 = -3*j + 69 + 105. What is the remainder when j is divided by 10?
8
Suppose 0 = -j - 4*j + 240. Calculate the remainder when j is divided by (-37)/(-3) - (-8)/12.
9
Let g = -44 - -81. Let o(v) = -v**2 - 3*v + 8. Let x be o(-4). Suppose -f + 65 = x*f. What is the remainder when g is divided by f?
11
Let k(q) = -q - 10. Calculate the remainder when k(-13) is divided by 1.
0
Let b = 69 + -55. What is the remainder when b is divided by 6?
2
Suppose -2*c = 2*z + 3*c - 27, 2*c = 5*z - 140. What is the remainder when z is divided by 7?
5
Let x = 24 + 98. Calculate the remainder when x is divided by 18.
14
Suppose -5*l + 45 = 5. Calculate the remainder when 29 is divided by l.
5
Let n(l) = l**2 - 6*l - 2. Let r be n(7). Suppose -65 = -5*k - r*a, -2*k + 0*k = -a - 20. What is the remainder when k is divided by 7?
4
Suppose 3*c + 72 = 11*c. Calculate the remainder when 26 is divided by c.
8
Suppose 3*n = -2*c - 0*c + 112, -131 = -4*n + c. Let j be 10/(-25) + n/10. Suppose -2*h = j*h - 85. Calculate the remainder when 33 is divided by h.
16
Let k = 36 + -26. Let j be (-1 - 6/(-4))*-14. Let x = j + k. What is the remainder when 5 is divided by x?
2
Let v = -5 - -16. Suppose 4*k - 130 = -3*u + 4, 68 = 2*k + 2*u. What is the remainder when k is divided by v?
10
Suppose -4*h + 8 = 3*n, 2*h - 4*h + 8 = 2*n. Calculate the remainder when 38 is divided by 96/(-36)*(-30)/n.
8
Let t(b) = 4*b - 9. Let s be t(6). Suppose y - 14 - s = 0. Suppose -33 = -2*w + y. Calculate the remainder when w is divided by 16.
15
What is the remainder when (-488)/(-3) + 3/9 is divided by 11?
9
Let l be (-3)/((-6)/(-4)) + 7. Suppose 2*n + 2 = n, 4*v + l*n = 46. Suppose 0*a = 4*a - 32. Calculate the remainder when v is divided by a.
6
Let n(i) = -i**3 - 8*i**2 - 8*i - 4. Let c = 1 + 4. Suppose -s - 3 - 1 = -3*f, -3*f = c*s + 38. Calculate the remainder when 7 is divided by n(s).
1
Suppose 0 = 2*p - 29 + 5. Suppose p = -x + 3*x. Suppose -2*n + 12 = d + 2*n, -n + 6 = d. Calculate the remainder when x is divided by d.
2
Let c = -34 + 77. Calculate the remainder when c is divided by 22.
21
Suppose -k - 2*k + 2*w = -12, -5*k - 2*w + 20 = 0. Suppose -r + 5 = -k. What is the remainder when (-17)/(-5 + (-45)/(-10)) is divided by r?
7
Let f(g) = -g**2 - 7*g + 5. Let l be f(-6). Suppose 0 = u + 5*k - l, 4*u - 7 = 2*u + 5*k. Calculate the remainder when u is divided by 2/8 + 11/4.
0
What is the remainder when (-5 - -7) + (104 - (-1 - 2)) is divided by 7?
4
Suppose d = a - 17, 5*a + d - 73 = 2*d. What is the remainder when 51 is divided by a?
9
Suppose 4*c = 3*c + 32. Calculate the remainder when c is divided by 17.
15
Let s(d) = -46*d**3 + 2*d**2 + d. Let q be s(-1). Let z = 159 - q. Suppose 2*l = 6, 4*l = -2*a - 14 + z. What is the remainder when a is divided by 15?
13
Let c(j) = -j**3 + j**2 + 2*j + 60. Let p be c(0). Suppose 2*x + p = 5*q - 0*x, -5*x - 75 = -5*q. Calculate the remainder when 17 is divided by q.
7
Suppose 7*c - k = 2*c + 106, 2*c + 5*k = 64. Calculate the remainder when c is divided by 12.
10
Let p = -2 + 11. What is the remainder when 916/38 + (-8)/76 is divided by p?
6
Let x(c) = c**3 + 7*c**2 + 5. Let l = -5 - -16. Calculate the remainder when x(-6) is divided by l.
8
Suppose 0 = -4*l - 8, -6*u = -5*u - 5*l - 73. Calculate the remainder when u is divided by 17.
12
Let g be 4/(-10) - (-24)/10. Suppose -g*w + 91 + 379 = 4*d, d - 4*w = 122. Suppose -5*y + d = -27. Calculate the remainder when y is divided by 10.
9
What is the remainder when (324/(-78) - -4) + (-509)/(-13) is divided by 4?
3
Suppose 0 = -2*p, 0*v + 2*p + 40 = 4*v. Suppose -t + v = 